 238 and 510.
34
Calculate the greatest common divisor of 222 and 3.
3
What is the greatest common divisor of 2530 and 121?
11
Calculate the greatest common divisor of 24 and 2384.
8
What is the highest common divisor of 282 and 18?
6
Calculate the highest common factor of 783 and 29.
29
Calculate the greatest common factor of 84 and 444.
12
Calculate the highest common factor of 190 and 1216.
38
What is the greatest common factor of 248 and 472?
8
What is the greatest common factor of 52 and 32?
4
What is the highest common divisor of 7387 and 178?
89
What is the highest common factor of 102 and 5661?
51
What is the highest common factor of 42 and 56?
14
Calculate the highest common factor of 117 and 78.
39
Calculate the highest common factor of 4125 and 33.
33
Calculate the greatest common divisor of 4 and 92.
4
What is the greatest common divisor of 161 and 14?
7
Calculate the greatest common divisor of 450 and 550.
50
Calculate the highest common factor of 2 and 14.
2
What is the highest common divisor of 31 and 10447?
31
Calculate the greatest common factor of 3 and 201.
3
Calculate the greatest common factor of 45 and 13275.
45
Calculate the greatest common factor of 55 and 24211.
11
What is the highest common factor of 411 and 1096?
137
Calculate the greatest common divisor of 48 and 2544.
48
What is the highest common factor of 102 and 10302?
102
What is the highest common divisor of 12448 and 32?
32
What is the greatest common divisor of 345 and 180?
15
What is the greatest common divisor of 55 and 3905?
55
Calculate the greatest common divisor of 96 and 5856.
96
What is the greatest common divisor of 320 and 30?
10
Calculate the greatest common factor of 82 and 287.
41
What is the greatest common factor of 132 and 3212?
44
What is the greatest common factor of 586 and 2?
2
What is the greatest common factor of 195 and 1794?
39
What is the highest common divisor of 139 and 5977?
139
Calculate the greatest common factor of 34 and 85.
17
Calculate the highest common factor of 704 and 8624.
176
What is the greatest common divisor of 869 and 22?
11
What is the greatest common divisor of 43 and 1333?
43
Calculate the highest common divisor of 288 and 1248.
96
What is the highest common factor of 21 and 3465?
21
What is the greatest common factor of 10341 and 54?
27
Calculate the highest common divisor of 8778 and 133.
133
Calculate the highest common divisor of 1863 and 243.
81
What is the greatest common factor of 1519 and 868?
217
What is the highest common factor of 2970 and 810?
270
Calculate the highest common divisor of 189 and 252.
63
Calculate the greatest common divisor of 459 and 102.
51
What is the greatest common divisor of 39100 and 25?
25
Calculate the highest common divisor of 685 and 40.
5
What is the greatest common factor of 8 and 1664?
8
Calculate the greatest common factor of 70839 and 51.
51
Calculate the greatest common factor of 1905 and 45.
15
Calculate the greatest common factor of 440 and 30.
10
Calculate the greatest common divisor of 312 and 72.
24
What is the greatest common factor of 40 and 420?
20
What is the highest common factor of 1881 and 55?
11
What is the greatest common divisor of 3 and 1587?
3
Calculate the greatest common divisor of 42 and 126.
42
What is the highest common factor of 1280 and 40?
40
Calculate the greatest common divisor of 111 and 296.
37
What is the greatest common factor of 462 and 2211?
33
What is the greatest common divisor of 72 and 180?
36
Calculate the greatest common divisor of 209 and 12331.
209
Calculate the highest common factor of 351 and 81.
27
What is the highest common factor of 150 and 690?
30
What is the greatest common factor of 110 and 22?
22
Calculate the highest common divisor of 1 and 29.
1
What is the greatest common divisor of 1168 and 16?
16
Calculate the highest common factor of 7 and 448.
7
Calculate the highest common factor of 82 and 6.
2
What is the highest common factor of 76 and 8?
4
Calculate the greatest common factor of 17 and 2.
1
What is the highest common factor of 2 and 12?
2
Calculate the greatest common factor of 168 and 273.
21
What is the highest common divisor of 70 and 200?
10
Calculate the greatest common divisor of 544 and 64.
32
What is the greatest common divisor of 236 and 9499?
59
What is the greatest common divisor of 48 and 192?
48
What is the highest common divisor of 2125 and 625?
125
Calculate the highest common factor of 858 and 1248.
78
What is the highest common divisor of 15 and 690?
15
What is the greatest common factor of 287 and 246?
41
What is the highest common factor of 24087 and 37?
37
Calculate the greatest common factor of 6110 and 13.
13
Calculate the highest common factor of 1100 and 44.
44
What is the greatest common divisor of 48 and 8184?
24
What is the highest common divisor of 396 and 1892?
44
What is the greatest common divisor of 96 and 1044?
12
What is the highest common factor of 119 and 34?
17
What is the highest common factor of 1180 and 2120?
20
Calculate the highest common factor of 572 and 104.
52
Calculate the greatest common factor of 4033 and 74.
37
What is the greatest common factor of 13 and 1573?
13
Calculate the greatest common divisor of 63 and 4221.
63
What is the greatest common factor of 14006 and 596?
298
What is the highest common divisor of 3835 and 715?
65
What is the highest common factor of 195 and 960?
15
What is the highest common divisor of 4 and 1?
1
What is the highest common divisor of 228 and 1908?
12
What is the highest common divisor of 91 and 84?
7
What is the highest common factor of 124 and 16244?
124
Calculate the greatest common factor of 248 and 434.
62
Calculate the highest common divisor of 225 and 175.
25
What is the highest common divisor of 2016 and 63?
63
Calculate the greatest common divisor of 299 and 26.
13
What is the highest common factor of 1513 and 17?
17
Calculate the greatest common factor of 183 and 6344.
61
What is the highest common factor of 39 and 87?
3
What is the greatest common factor of 1316 and 224?
28
Calculate the greatest common divisor of 10336 and 102.
34
Calculate the highest common divisor of 2548 and 1820.
364
Calculate the highest common factor of 966 and 15134.
322
What is the greatest common divisor of 23018 and 34?
34
Calculate the highest common divisor of 284 and 8.
4
Calculate the greatest common divisor of 356 and 2314.
178
Calculate the highest common divisor of 8 and 1176.
8
Calculate the greatest common divisor of 486 and 540.
54
What is the greatest common factor of 6 and 5598?
6
What is the greatest common divisor of 410 and 20?
10
What is the greatest common factor of 5600 and 175?
175
Calculate the highest common divisor of 84 and 112.
28
Calculate the greatest common divisor of 27 and 2007.
9
What is the greatest common divisor of 105 and 1155?
105
Calculate the greatest common factor of 35 and 329.
7
Calculate the highest common factor of 1800 and 1368.
72
What is the highest common divisor of 12806 and 38?
38
What is the greatest common divisor of 24 and 208?
8
What is the highest common divisor of 88 and 154?
22
Calculate the greatest common divisor of 270 and 945.
135
Calculate the greatest common factor of 108 and 342.
18
What is the highest common factor of 330 and 40?
10
Calculate the greatest common divisor of 120 and 45.
15
Calculate the highest common factor of 232 and 87.
29
What is the highest common divisor of 18 and 3246?
6
Calculate the highest common factor of 474 and 6.
6
Calculate the greatest common divisor of 60 and 370.
10
What is the greatest common divisor of 28 and 42?
14
Calculate the greatest common divisor of 237 and 3239.
79
Calculate the greatest common divisor of 360 and 1360.
40
Calculate the greatest common factor of 26865 and 540.
135
Calculate the greatest common factor of 400 and 32.
16
What is the greatest common factor of 920 and 345?
115
What is the highest common factor of 2067 and 156?
39
Calculate the greatest common divisor of 8 and 146.
2
What is the greatest common factor of 100 and 80?
20
What is the highest common factor of 168 and 273?
21
Calculate the highest common factor of 5970 and 90.
30
Calculate the greatest common factor of 184 and 7452.
92
Calculate the greates